or of 83863440?
True
Does 373 divide 183394132?
False
Is 63 a factor of 823241034?
True
Does 2121 divide 143996811?
True
Is 572 a factor of 121651882?
False
Is 46 a factor of 57720742?
False
Does 92 divide 162623007?
False
Is 91 a factor of 23005047?
False
Is 340224702 a multiple of 1473?
True
Is 5891158 a multiple of 321?
False
Does 27 divide 87109425?
True
Is 337240154 a multiple of 326?
True
Is 48185335 a multiple of 406?
False
Is 1664413239 a multiple of 2973?
True
Does 408 divide 17179656?
True
Is 85007790 a multiple of 18?
True
Does 1022 divide 33208868?
True
Is 1120027194 a multiple of 18?
True
Is 141761470 a multiple of 85?
True
Does 36 divide 142264211?
False
Is 78995844 a multiple of 1026?
True
Does 9341 divide 376647802?
True
Is 35 a factor of 1604932123?
False
Is 317 a factor of 35765842?
True
Does 1693 divide 116065308?
True
Is 688 a factor of 260597888?
True
Is 3 a factor of 80139264?
True
Is 36 a factor of 7423756526?
False
Is 39864428 even?
True
Is 9 a factor of 213071436?
True
Is 259 a factor of 18884208?
True
Is 9 a factor of 1627669035?
True
Is 115 a factor of 33089755?
True
Is 56458008 a multiple of 2648?
True
Is 2365337891 a multiple of 119?
True
Is 1025393000 a multiple of 20?
True
Is 2726356553 a multiple of 23?
False
Is 211882914 a multiple of 435?
False
Is 809 a factor of 24594927?
False
Is 2 a factor of 3666918?
True
Does 110 divide 53590350?
True
Is 7124196 a multiple of 2?
True
Is 164731008 a multiple of 39?
True
Is 16707502 a multiple of 226?
True
Is 2126754948 a multiple of 5298?
True
Does 3 divide 45453870?
True
Is 48 a factor of 15940896?
True
Does 138 divide 444273474?
True
Is 43 a factor of 98649998?
True
Is 208847072 a multiple of 16?
True
Does 13 divide 1162928546?
True
Does 9 divide 19591049?
False
Is 427149636 a multiple of 6?
True
Is 44 a factor of 12027704?
False
Is 8 a factor of 24595548?
False
Does 28 divide 96104932?
True
Is 723961797 a multiple of 13?
True
Does 18 divide 3427594294?
False
Is 1132 a factor of 39966667?
False
Is 367 a factor of 9767705?
True
Does 54 divide 12042648?
True
Is 28575008 a multiple of 32?
True
Does 18 divide 20651094?
True
Is 24612514 a multiple of 3?
False
Is 153 a factor of 3194879?
False
Does 25 divide 20691175?
True
Is 42520193 a multiple of 2?
False
Does 826 divide 20596310?
True
Is 1950 a factor of 26118586?
False
Does 43 divide 2457624?
False
Does 26 divide 289945048?
False
Is 27004310 a multiple of 810?
False
Is 92061351 a multiple of 1140?
False
Is 1567874378 a multiple of 2294?
False
Is 896 a multiple of 5?
False
Does 2954 divide 142403478?
True
Is 727361928 a multiple of 236?
False
Does 67 divide 60856206?
False
Does 24 divide 2418550219?
False
Is 32127732 a multiple of 189?
True
Is 13 a factor of 87536163?
True
Is 2491145778 a multiple of 534?
True
Is 10764829 a multiple of 48?
False
Does 4 divide 210800968?
True
Does 472 divide 2912577?
False
Is 6214646 a multiple of 46?
True
Is 1393693609 a multiple of 1661?
True
Does 20 divide 47730515?
False
Is 60 a factor of 696631800?
True
Is 73330350 a multiple of 745?
True
Is 3763533 a multiple of 181?
True
Is 17724421 a multiple of 253?
True
Does 4909 divide 3052538839?
False
Is 2235 a factor of 63210108?
False
Is 492 a factor of 408813132?
True
Is 75209957 a multiple of 103?
False
Is 17 a factor of 21079703?
False
Is 28142604 a multiple of 18?
True
Does 1121 divide 873171006?
False
Is 846 a factor of 65226600?
True
Is 247379481 a multiple of 430?
False
Is 39 a factor of 4214523797?
False
Does 1747 divide 701660653?
False
Does 691 divide 915325549?
True
Is 1700 a factor of 2947874400?
False
Is 1071558110 a multiple of 85?
True
Does 1689 divide 48072629?
False
Does 16 divide 2191662224?
True
Is 209905065 a multiple of 5769?
True
Does 3122 divide 7718120?
False
Does 38 divide 2653278166?
False
Is 179 a factor of 203410311?
False
Is 110529240 a multiple of 24?
True
Is 77 a factor of 57901418?
False
Is 20 a factor of 23198793?
False
Is 22676096 a multiple of 272?
True
Does 16 divide 60673008?
True
Is 666909608 a multiple of 11359?
True
Is 7 a factor of 11366631?
False
Is 174 a factor of 152271750?
True
Does 270 divide 6237588?
False
Is 163 a factor of 195924370?
True
Does 3 divide 10693884?
True
Does 1649 divide 572203?
True
Is 1013949387 a multiple of 11?
True
Does 1350 divide 645005886?
False
Does 11 divide 21193670?
False
Is 126 a factor of 310120912?
False
Is 130654986 a multiple of 154?
True
Is 85 a factor of 36660172?
False
Is 527168916 a multiple of 25?
False
Does 45 divide 729849960?
True
Does 695 divide 124227775?
True
Does 50 divide 245112650?
True
Is 18 a factor of 44171865?
False
Does 13 divide 1148706273?
True
Is 339411396 a multiple of 57?
False
Is 274650320 a multiple of 38?
True
Does 11 divide 1001300?
False
Does 15 divide 822940654?
False
Is 304 a factor of 65630593?
False
Is 15 a factor of 100625887?
False
Does 17 divide 7004459?
True
Is 131 a factor of 52314076?
False
Is 19 a factor of 3645054642?
False
Is 216 a factor of 103224456?
True
Does 68 divide 3029905784?
True
Does 451 divide 36633377?
True
Is 750 a factor of 1112769035?
False
Is 632 a factor of 686300382?
False
Is 364312883 a multiple of 7957?
False
Is 2280 a factor of 43347360?
True
Is 555678430 a multiple of 718?
False
Does 79 divide 1679192716?
True
Is 7330819 a multiple of 33?
False
Does 32 divide 676314752?
True
Is 1654 a factor of 20481482?
True
Is 113 a factor of 210250102?
False
Is 1187 a factor of 19994299?
False
Is 76 a factor of 95764527?
False
Does 15 divide 163192350?
True
Does 51 divide 124125228?
True
Is 11 a factor of 1183425201?
False
Does 45 divide 3118822515?
True
Does 68 divide 147543663?
False
Is 162953339 a multiple of 14?
False
Is 667673505 a multiple of 11?
False
Is 42944510 a multiple of 70?
True
Is 339 a factor of 13301343?
True
Is 15 a factor of 1849318258?
False
Is 107833107 a multiple of 21?
False
Is 3 a factor of 37777998?
True
Does 49 divide 41893530?
True
Is 1830 a factor of 762083370?
True
Does 96 divide 12362304?
True
Does 95 divide 2011329?
False
Is 66734227 a multiple of 1519?
True
Is 247698275 a multiple of 1830?
False
Is 19760892 a multiple of 2?
True
Is 5555618 a multiple of 517?
False
Does 18 divide 24110953?
False
Is 119498644 a multiple of 1152?
False
Does 18 divide 3729584454?
False
Is 66 a factor of 1560759882?
True
Is 154505441 a multiple of 527?
False
Is 5713 a factor of 314066096?
False
Does 281 divide 39359108?
True
Is 38835843 a multiple of 30?
False
Does 117 divide 78918101?
False
Is 36 a factor of 5480421948?
True
Does 232 divide 412906408?
True
Is 167 a factor of 74395973?
False
Does 110 divide 2203648?
False
Does 133 divide 1818746675?
False
Is 138464192 a multiple of 3822?
False
Does 973 divide 1846162745?
False
Does 3 divide 25941654?
True
Does 12341 divide 2697236619?
True
Is 3584 a factor of 1082905600?
True
Does 15 divide 158731305?
True
Does 2 divide 2772067?
False
Does 11 divide 43524417?
False
Is 122 a factor of 98980430?
True
Does 1223 divide 91563564?
True
Does 16 divide 47320272?
True
Is 4 a factor of 51032850?
False
Is 127462005 a multiple of 132?
False
Is 83 a factor of 51755729?
True
Is 154575496 a multiple of 38?
False
Is 88 a factor of 76751928?
True
Is 1665 a factor of 270262800?
True
Does 268 divide 12667130?
False
Is 14686186 a multiple of 424?
False
Is 556794732 a multiple of 11?
False
Is 47 a factor of 3166806?
False
Does 34 divide 52491175?
False
Does 103 divide 39646871?
False
Does 572 divide 175670352?
True
Is 5994720 a multiple of 276?
True
Is 39809044 a multiple of 1132?
True
Does 1876 divide 74219617?
False
Is 16 a factor of 1380840340?
False
Is 28914732 a multiple of 74?
False
Is 3219082104 a multiple of 2172?
True
Is 4875453 a multiple of 111?
True
Does 66 divide 20609951?
False
Is 68091777 a multiple of 117?
True
Is 54820304 a multiple of 56?
True
Does 6 divide 188942064?
True
Is 6831550 a multiple of 5?
True
Does 5118 divide 2695701780?
True
Is 265 a factor of 593965170?
True
Does 14 divide 26110770?
True
Does 2298 divide 530092259?
False
Does 176 divide 22352528?
True
Does 420 divide 898546486?
False
Is 333384825 a multiple of 2335?
False
Is 4240 a factor of 496322593?
False
Is 887 a factor of 12473881?
True
Does 874 divide 1358055815?
False
Does 24 divide 